y 13.
12
Let f(s) be the second derivative of 3*s + 0 - 1/6*s**3 + 7/2*s**2. Calculate the remainder when 11 is divided by f(0).
4
Suppose -5*l = -1067 - 788. Let n = l + -242. Calculate the remainder when n is divided by 33.
30
Suppose 4*u + 6 = 162. Let b(c) = c - 19. Calculate the remainder when u is divided by b(34).
9
Suppose 217 = 3*m - 5*x + 4*x, 3*x = -12. What is the remainder when 138 is divided by m?
67
Suppose -25 = -4*m - 3*z, 2 + 23 = m - 3*z. What is the remainder when 94 is divided by m?
4
Suppose -5*d = -5*l + 130, -d - 3*d - 16 = 0. Calculate the remainder when 50 is divided by l.
6
Let f(b) = 34*b - 1. Let y be f(1). Suppose 0 = -4*a + a + y. Let m = 31 + -11. What is the remainder when m is divided by a?
9
Suppose -5*c + c + 17 = 5*i, i - 15 = 5*c. Suppose 4*o + b - 53 = -4*b, -60 = -5*o - i*b. Let m = 2016 + -2014. Calculate the remainder when o is divided by m.
1
Let v = 321 - 302. Calculate the remainder when 88 is divided by v.
12
Let k = -673 - -719. Calculate the remainder when k is divided by 14.
4
Let o be 9*(-5)/(-45)*6. Suppose 0 = -o*v + 4*v + 40. Let m(y) = 3*y**2 + 6*y + 6. Calculate the remainder when m(-6) is divided by v.
18
Suppose 0*q + 3*q = 0. Suppose 2*t - 29 = -g + 5, q = -3*g - 4*t + 92. Calculate the remainder when 71 is divided by g.
23
Suppose 5*z + 0*z - 4*q = 181, -5*z + 5*q = -185. Calculate the remainder when z is divided by 19.
14
Suppose 8*h + 6 = 134. Suppose 2*p = -x - 0 + 48, 5*p + 87 = 2*x. Calculate the remainder when x is divided by h.
14
Suppose 0 = 2*y - 3*p - 24, 0*y + y - 12 = -5*p. Let d = y - 3. What is the remainder when (-97)/(-4) + (-1)/4 is divided by d?
6
Suppose -4*n + 2*h = -82, -n + 13 = 2*h - 10. Suppose 40 = 2*p - p. What is the remainder when p is divided by n?
19
Suppose -6*a + a + 425 = 0. Let o = a + -47. Let b(y) = -19*y + 1. Calculate the remainder when o is divided by b(-1).
18
Let z(r) = 80*r - 293. Calculate the remainder when z(7) is divided by 6.
3
Let z = -1189 - -1209. What is the remainder when 458 is divided by z?
18
Let b(f) = f**3 - 35*f**2 + 41*f - 86. Calculate the remainder when b(34) is divided by 56.
40
Let n(j) = -4*j**2 + 2*j - 1. Let y be n(3). Let d = 45 + y. What is the remainder when 54 is divided by d?
12
What is the remainder when 76 is divided by (-7 + 124/8)*4?
8
Let y(c) be the first derivative of 8*c**3/3 - 4*c - 1. Suppose -2*f - 4 = 0, -5*f + 37 = 5*h - 68. What is the remainder when y(3) is divided by h?
22
Suppose 34 - 133 = -11*a. Calculate the remainder when 132 is divided by a.
6
Suppose -2*b = 2*m - 492, 5*b - 23*m - 1250 = -18*m. What is the remainder when b is divided by 18?
14
Let o(m) = -6*m - 3. Let b be o(-2). Suppose 5*a - b - 1 = 0. Calculate the remainder when (-3)/2*40/(-12) is divided by a.
1
Calculate the remainder when 106 is divided by 5/8*(42 + 46).
51
Let t = -23 - -37. Let i be (-5)/(1 + 9)*-94. Let b = -38 + i. What is the remainder when t is divided by b?
5
Suppose 3*n + 16 = -2. Let a = n + 4. Calculate the remainder when 53 is divided by (-2)/a*(18 + -4).
11
Suppose -13 - 15 = -2*i. Let w = 340 + -319. Calculate the remainder when w is divided by 2*i/2 + -2.
9
Let t be -109 - -3*2/3. Let y = t + 181. Calculate the remainder when y is divided by 19.
17
Suppose d + 2*i + 44 = 63, -5*i = -5*d + 170. What is the remainder when 162 is divided by d?
17
Let k = -4 + 30. Let n be k/6 + (-9)/27. Let v = n + 2. Calculate the remainder when v is divided by 3.
0
Let r(o) = o**2 + 12*o + 24. Let k = 1 + 3. What is the remainder when r(-13) is divided by k?
1
What is the remainder when 24 is divided by (8 - (-8 - -15))*2*5?
4
Let o be 1/((3 - 1) + -3)*-3. Suppose -o*u + 22 = -38. Calculate the remainder when 35 is divided by u.
15
Let d(z) = 21*z**3 - 11*z**2 + 46*z - 2. Calculate the remainder when d(3) is divided by 29.
24
Suppose 5*u = 5*a + 135, -2*u + 11 = 3*a - 58. Suppose -51 - 36 = -p. Calculate the remainder when p is divided by u.
27
Let k = -610 + 630. What is the remainder when 1317 is divided by k?
17
Suppose -17 + 61 = 4*q. Suppose u + q = 69. What is the remainder when u is divided by 15?
13
Let u(q) = q**2 + 3*q - 5. Suppose 4*o + v + 0*v + 25 = 0, 5*v = -o - 30. What is the remainder when 13 is divided by u(o)?
3
Let f(m) = 2*m**2 + 5*m - 4. Suppose 104*l - 255 = 101*l. What is the remainder when l is divided by f(-4)?
5
Let i = 193 - -576. What is the remainder when i is divided by 55?
54
Suppose u + 706 = 3*l, 4*l - 923 = -5*u + 10*u. Calculate the remainder when l is divided by 75.
12
Suppose 3*k = 3*b - 3, -2*b = 5*k + 3 - 12. Suppose x = -4*c + b, x - c + 86 = 6*x. What is the remainder when 47 is divided by x?
11
Let y = 30 + -15. Let p be ((-40)/(-25))/((-2)/(-460)). Suppose -5*j = -0*j + h - p, 5*j + 5*h = 360. Calculate the remainder when j is divided by y.
14
Calculate the remainder when 67 is divided by (-23 - 1)/(30/(-40)).
3
Let s(j) be the second derivative of 3*j**5/20 - j**4/12 + j**3/3 - j**2/2 - 6*j. Let t be s(1). Calculate the remainder when 5 - -21 - (t - 1) is divided by 9.
6
Suppose 0 = m - q - 7, 3*m = -2*m - 2*q + 42. Suppose 52 = 12*i - m*i. What is the remainder when i is divided by 5?
3
Suppose -g = -4*i - 0*g + 2569, -g + 3209 = 5*i. What is the remainder when i is divided by 14?
12
Suppose n = 3*h + 5, -3*n - h = -4*h - 3. Calculate the remainder when (n - 1)*(-242)/4 is divided by 41.
39
Let f be (1 + 10/(-4))/((-48)/64). Suppose -f*v + 44 = -0*v. What is the remainder when 65 is divided by v?
21
Let l = -201 + 362. Calculate the remainder when l is divided by 61.
39
Let c(k) = -61*k**2 + 1. Let a be c(-1). Let h = -29 - a. Suppose 0 = 3*j - 8*j - 4*w + 602, 360 = 3*j + 3*w. What is the remainder when j is divided by h?
29
Let u = 2158 - 2075. What is the remainder when 2819 is divided by u?
80
Suppose -5*p = -2*k - 22, 3*p - p - 4*k - 12 = 0. Suppose p*a - 45 = a. Suppose s = 21 - a. Calculate the remainder when 23 is divided by s.
5
Suppose -109 = -10*d + 141. What is the remainder when 56 is divided by d?
6
Let l(z) = z - 7. Let y be l(7). Suppose -10*k + 6*k + 72 = y. What is the remainder when 70 is divided by k?
16
Let m(y) = 87*y**3 + y**2 + y - 1. Let o = -10 + 11. Let n be m(o). Suppose 8*z - n = 4*z. Calculate the remainder when z is divided by 8.
6
Let p be 28/10 - 2/(-10). Suppose 4*n = p*z - 39, n = -3*z - 6 - 0. Calculate the remainder when 26 is divided by -42*-1*(-3)/n.
12
Let u(a) be the second derivative of a**4/12 + 2*a**3/3 - 4*a**2 + 2*a + 8. Let q be 2/8 + 25/(-4). Calculate the remainder when 9 is divided by u(q).
1
Let y(m) = 2*m + 3. Let a(q) be the first derivative of q**3/3 - 2*q**2 + 4*q + 5. Let b be a(2). Calculate the remainder when 11 is divided by y(b).
2
Let v = 31 - 14. Suppose -5*f + v = -73. What is the remainder when f is divided by 7?
4
Let f be 297/(-15) + (-5)/25. Calculate the remainder when (-854)/(-26) + f/(-130) is divided by 18.
15
Let u = 26 + -24. Suppose -u*s - m + 1 = -4, -11 = -3*s - 5*m. Suppose -s*d + 0*d = v - 102, -2*d = 4*v - 90. What is the remainder when d is divided by 28?
25
Let m be (42/(-8))/((-6)/(-16)). Calculate the remainder when 159 is divided by ((-9)/6)/(m/(-24))*-7.
15
Let d(c) = c - 1. Let p be d(1). Suppose x + 15 = 5*a - 7, -19 = -3*x - 2*a. Suppose -x*n + 294 = -p*n. Calculate the remainder when n is divided by 25.
23
Suppose 3*i = 5*i - 4. Suppose i*h - 8 = -0. Suppose -g + 41 = h. Calculate the remainder when g is divided by 13.
11
Let g = 83 - 89. Let q(i) = -2*i + 17. Let s(j) = 3*j - 17. Let d(a) = 4*q(a) + 3*s(a). Calculate the remainder when 31 is divided by d(g).
9
Let c(x) = x - 6. Let v be c(2). Let p = v - -12. Calculate the remainder when 23 is divided by p.
7
Let w(b) be the third derivative of -b**6/120 - b**4/12 + 4*b**3 - 11*b**2. Calculate the remainder when 94 is divided by w(0).
22
Suppose 5*m = -4*i + 4*m - 2, 3*m = -3*i + 3. Let p(a) = 28*a**2 + 2*a + 3. What is the remainder when 83 is divided by p(i)?
25
What is the remainder when (-52 - -57)*((-184)/(-10) - -1) is divided by 15?
7
Suppose -r - 18*r = -380. What is the remainder when 178 is divided by r?
18
Suppose 2*n - j = -2*n + 131, 0 = 4*n + 5*j - 161. Suppose a - 14 + 8 = 0. Let y = 18 - a. Calculate the remainder when 